2, 23, 41, 401
List the prime factors of 17003779.
13, 31, 42193
What are the prime factors of 188374737?
3, 2531, 24809
What are the prime factors of 1055015269?
7, 11, 13701497
List the prime factors of 1695096134.
2, 19, 929, 48017
List the prime factors of 200159863.
71, 2819153
List the prime factors of 293926225.
5, 11757049
List the prime factors of 572943830.
2, 5, 151, 379433
List the prime factors of 25651363.
41, 625643
List the prime factors of 52533601.
7129, 7369
What are the prime factors of 84162556?
2, 59, 356621
List the prime factors of 44995474.
2, 22497737
What are the prime factors of 158433753?
3, 52811251
List the prime factors of 105375928.
2, 7, 17, 71, 1559
List the prime factors of 72366499.
67, 1080097
List the prime factors of 2281997707.
11, 11117, 18661
List the prime factors of 171584598.
2, 3, 283, 101051
List the prime factors of 495662303.
495662303
List the prime factors of 41740566.
2, 3, 7, 993823
List the prime factors of 1343457902.
2, 671728951
List the prime factors of 15419567.
41, 71, 5297
What are the prime factors of 40708905?
3, 5, 131, 20717
List the prime factors of 49611166.
2, 11, 19, 118687
List the prime factors of 349576569.
3, 38841841
List the prime factors of 64904402.
2, 17, 1117, 1709
List the prime factors of 44105823.
3, 1633549
List the prime factors of 455859470.
2, 5, 11, 4144177
List the prime factors of 72369122.
2, 7, 467, 11069
List the prime factors of 92631772.
2, 23157943
List the prime factors of 66410188.
2, 13, 131, 9749
List the prime factors of 4849929214.
2, 13, 1607, 8929
List the prime factors of 78198193.
41, 71, 26863
What are the prime factors of 844008704?
2, 7, 11, 47, 911
What are the prime factors of 54633999?
3, 7, 29, 283, 317
List the prime factors of 1823771611.
17, 107280683
What are the prime factors of 82633541?
82633541
What are the prime factors of 21336156?
2, 3, 17, 11621
List the prime factors of 358059259.
29, 59, 209269
List the prime factors of 308923643.
7, 17, 41, 63317
List the prime factors of 4601495.
5, 23, 40013
What are the prime factors of 37303257?
3, 2287, 5437
List the prime factors of 131536249.
13, 347, 2243
What are the prime factors of 1806848071?
7, 211, 1223323
What are the prime factors of 162683094?
2, 3, 7, 23, 168409
What are the prime factors of 1517478935?
5, 7, 23, 1321, 1427
List the prime factors of 392682897.
3, 347, 4657
What are the prime factors of 36906211?
59, 625529
List the prime factors of 3218861727.
3, 119217101
List the prime factors of 121490703.
3, 79, 170873
What are the prime factors of 243593280?
2, 3, 5, 7, 43, 281
List the prime factors of 422331496.
2, 5807, 9091
List the prime factors of 4134991599.
3, 139, 367261
List the prime factors of 495572932.
2, 181, 684493
What are the prime factors of 898299?
3, 151, 661
What are the prime factors of 1340935821?
3, 148992869
What are the prime factors of 458433337?
458433337
List the prime factors of 5771874613.
5771874613
What are the prime factors of 681510223?
3061, 222643
What are the prime factors of 3133671?
3, 41, 73, 349
List the prime factors of 58399572.
2, 3, 7, 11, 9029
What are the prime factors of 1954719857?
17, 29, 3964949
List the prime factors of 777578637.
3, 11, 23562989
What are the prime factors of 499777969?
53, 131, 71983
List the prime factors of 145938007.
6367, 22921
List the prime factors of 1325186807.
7, 189312401
List the prime factors of 218754226.
2, 109377113
List the prime factors of 383812368.
2, 3, 71, 112621
List the prime factors of 1296004759.
7, 23, 8049719
What are the prime factors of 12699356?
2, 743, 4273
List the prime factors of 581770500.
2, 3, 5, 19, 137, 149
What are the prime factors of 2292475573?
23, 661, 150791
What are the prime factors of 2765554194?
2, 3, 13, 61, 44711
What are the prime factors of 121532099?
13, 17, 79, 6961
List the prime factors of 1640372708.
2, 13, 31545629
What are the prime factors of 173396803?
173396803
What are the prime factors of 21305051?
2377, 8963
List the prime factors of 216892140.
2, 3, 5, 271, 13339
What are the prime factors of 112400012?
2, 4211, 6673
List the prime factors of 115073482.
2, 59, 975199
What are the prime factors of 53715098?
2, 283, 94903
What are the prime factors of 136635429?
3, 7, 2039, 3191
List the prime factors of 7293270.
2, 3, 5, 243109
List the prime factors of 23461377.
3, 17, 29, 547
List the prime factors of 1072551766.
2, 11, 13, 149, 25169
What are the prime factors of 325262147?
7, 71, 93493
List the prime factors of 604395385.
5, 11, 107, 102701
List the prime factors of 2309427871.
139, 16614589
What are the prime factors of 3684327869?
53281, 69149
List the prime factors of 45412524.
2, 3, 1261459
List the prime factors of 168988440.
2, 3, 5, 31, 45427
What are the prime factors of 743285084?
2, 17, 71, 153953
What are the prime factors of 906627091?
433, 2093827
List the prime factors of 666853974.
2, 3, 601, 61643
List the prime factors of 57996986.
2, 151, 192043
List the prime factors of 4409527.
4409527
List the prime factors of 2353980131.
563, 4181137
What are the prime factors of 113098034?
2, 7, 8078431
List the prime factors of 73813529.
5477, 13477
What are the prime factors of 12828880?
2, 5, 17, 9433
What are the prime factors of 341995924?
2, 23, 41, 71, 1277
What are the prime factors of 3773371316?
2, 11, 13, 229, 28807
List the prime factors of 77470801.
1949, 39749
What are the prime factors of 386023971?
3, 128674657
What are the prime factors of 255246791?
255246791
What are the prime factors of 113394395?
5, 347, 65357
List the prime factors of 25506167.
29, 879523
List the prime factors of 153189234.
2, 3, 11, 773683
List the prime factors of 3417109389.
3, 9437, 13411
What are the prime factors of 1180096605?
3, 5, 26224369
What are the prime factors of 77294920?
2, 5, 17, 197, 577
What are the prime factors of 90519589?
90519589
What are the prime factors of 6870671072?
2, 61, 3519811
List the prime factors of 1193641439.
439, 2719001
What are the prime factors of 662621847?
3, 53, 4167433
What are the prime factors of 393561499?
43, 212851
List the prime factors of 4597459.
4597459
What are the prime factors of 185175749?
11, 16834159
What are the prime factors of 51836559?
3, 17278853
List the prime factors of 5275004.
2, 7, 23, 8191
List the prime factors of 3130214048.
2, 13, 7524553
List the prime factors of 2306847386.
2, 67, 83, 211, 983
List the prime factors of 454136831.
97, 409, 11447
What are the prime factors of 242900056?
2, 7, 23, 29, 929
List the prime factors of 257383219.
257383219
What are the prime factors of 378902647?
17, 71, 313921
What are the prime factors of 389617420?
2, 5, 19, 283, 3623
What are the prime factors of 1390256175?
3, 5, 7, 11, 17
List the prime factors of 26649724.
2, 29, 229739
List the prime factors of 231828173.
503, 460891
List the prime factors of 2398383161.
307, 7812323
What are the prime factors of 38131800?
2, 3, 5, 7, 1297
What are the prime factors of 56995581?
3, 229, 82963
List the prime factors of 1485860660.
2, 5, 823, 90271
What are the prime factors of 4547623059?
3, 7, 71, 151, 6733
What are the prime factors of 4380623567?
1091, 4015237
List the prime factors of 22252312.
2, 61, 45599
List the prime factors of 427992992.
2, 7, 1910683
What are the prime factors of 62030174?
2, 19, 359, 4547
List the prime factors of 2638082419.
7, 109, 3457513
List the prime factors of 4192397358.
2, 3, 23, 503, 60397
List the prime factors of 119719087.
37, 3235651
List the prime factors of 30344548.
2, 13, 71, 8219
List the prime factors of 2141921427.
3, 59, 1481, 8171
What are the prime factors of 1133673897?
3, 377891299
What are the prime factors of 2714822276?
2, 17, 39923857
What are the prime factors of 25932199?
107, 242357
What are the prime factors of 1363422226?
2, 157, 661, 6569
What are the prime factors of 93029086?
2, 139, 334637
What are the prime factors of 3907515610?
2, 5, 37, 47, 224699
What are the prime factors of 51921055?
5, 10384211
What are the prime factors of 67396596?
2, 3, 5616383
List the prime factors of 244701836.
2, 19, 3219761
List the prime factors of 2433273596.
2, 13, 46793723
List the prime factors of 49721984.
2,